ed by 20.
14
Calculate the remainder when 3314 is divided by 107.
104
What is the remainder when 551 is divided by 30?
11
What is the remainder when 187 is divided by 177?
10
Calculate the remainder when 1244 is divided by 206.
8
Calculate the remainder when 634 is divided by 156.
10
Calculate the remainder when 3904 is divided by 163.
155
What is the remainder when 67 is divided by 33?
1
Calculate the remainder when 377 is divided by 308.
69
What is the remainder when 272 is divided by 91?
90
What is the remainder when 337 is divided by 34?
31
Calculate the remainder when 207 is divided by 121.
86
Calculate the remainder when 1152 is divided by 13.
8
Calculate the remainder when 277 is divided by 40.
37
What is the remainder when 205 is divided by 15?
10
Calculate the remainder when 93 is divided by 16.
13
What is the remainder when 182 is divided by 83?
16
What is the remainder when 282 is divided by 42?
30
Calculate the remainder when 40 is divided by 33.
7
What is the remainder when 227 is divided by 221?
6
What is the remainder when 194 is divided by 97?
0
Calculate the remainder when 85 is divided by 25.
10
What is the remainder when 822 is divided by 46?
40
Calculate the remainder when 509 is divided by 6.
5
Calculate the remainder when 822 is divided by 14.
10
Calculate the remainder when 31 is divided by 12.
7
What is the remainder when 216 is divided by 8?
0
What is the remainder when 426 is divided by 18?
12
Calculate the remainder when 2770 is divided by 33.
31
What is the remainder when 196 is divided by 92?
12
What is the remainder when 27 is divided by 14?
13
What is the remainder when 983 is divided by 315?
38
What is the remainder when 5272 is divided by 377?
371
Calculate the remainder when 330 is divided by 31.
20
Calculate the remainder when 853 is divided by 5.
3
What is the remainder when 74 is divided by 19?
17
What is the remainder when 4677 is divided by 45?
42
Calculate the remainder when 126 is divided by 19.
12
Calculate the remainder when 1215 is divided by 32.
31
What is the remainder when 994 is divided by 88?
26
What is the remainder when 2134 is divided by 269?
251
What is the remainder when 26039 is divided by 35?
34
What is the remainder when 146 is divided by 74?
72
What is the remainder when 347 is divided by 43?
3
Calculate the remainder when 513 is divided by 134.
111
What is the remainder when 415 is divided by 84?
79
What is the remainder when 312 is divided by 100?
12
Calculate the remainder when 310 is divided by 45.
40
Calculate the remainder when 475 is divided by 34.
33
Calculate the remainder when 115 is divided by 89.
26
Calculate the remainder when 888 is divided by 74.
0
What is the remainder when 190 is divided by 68?
54
What is the remainder when 284 is divided by 15?
14
Calculate the remainder when 367 is divided by 46.
45
What is the remainder when 1362 is divided by 35?
32
Calculate the remainder when 3812 is divided by 159.
155
Calculate the remainder when 11862 is divided by 2961.
18
What is the remainder when 3639 is divided by 26?
25
What is the remainder when 416 is divided by 73?
51
What is the remainder when 6794 is divided by 151?
150
What is the remainder when 92 is divided by 33?
26
What is the remainder when 778 is divided by 39?
37
Calculate the remainder when 43 is divided by 11.
10
What is the remainder when 100 is divided by 21?
16
What is the remainder when 375 is divided by 11?
1
What is the remainder when 18789 is divided by 216?
213
What is the remainder when 323 is divided by 39?
11
What is the remainder when 408 is divided by 44?
12
Calculate the remainder when 5342 is divided by 13.
12
What is the remainder when 83 is divided by 22?
17
Calculate the remainder when 1844 is divided by 9.
8
What is the remainder when 1033 is divided by 11?
10
Calculate the remainder when 859 is divided by 168.
19
What is the remainder when 8774 is divided by 39?
38
What is the remainder when 2496 is divided by 119?
116
What is the remainder when 581 is divided by 105?
56
What is the remainder when 377 is divided by 20?
17
Calculate the remainder when 54 is divided by 13.
2
Calculate the remainder when 79 is divided by 14.
9
What is the remainder when 273 is divided by 23?
20
What is the remainder when 122 is divided by 96?
26
Calculate the remainder when 206 is divided by 16.
14
What is the remainder when 18692 is divided by 279?
278
What is the remainder when 10118 is divided by 3370?
8
Calculate the remainder when 262 is divided by 92.
78
Calculate the remainder when 378 is divided by 4.
2
What is the remainder when 227 is divided by 34?
23
What is the remainder when 8494 is divided by 118?
116
Calculate the remainder when 30 is divided by 9.
3
What is the remainder when 30 is divided by 20?
10
Calculate the remainder when 914 is divided by 11.
1
Calculate the remainder when 730 is divided by 96.
58
Calculate the remainder when 386 is divided by 76.
6
Calculate the remainder when 814 is divided by 17.
15
Calculate the remainder when 58 is divided by 5.
3
What is the remainder when 145 is divided by 50?
45
What is the remainder when 367 is divided by 70?
17
What is the remainder when 468 is divided by 164?
140
What is the remainder when 130 is divided by 27?
22
Calculate the remainder when 155 is divided by 79.
76
Calculate the remainder when 141 is divided by 71.
70
Calculate the remainder when 154 is divided by 87.
67
Calculate the remainder when 4973 is divided by 708.
17
What is the remainder when 744 is divided by 25?
19
Calculate the remainder when 2265 is divided by 49.
11
What is the remainder when 80 is divided by 67?
13
Calculate the remainder when 817 is divided by 39.
37
What is the remainder when 742 is divided by 62?
60
Calculate the remainder when 189 is divided by 179.
10
Calculate the remainder when 207 is divided by 102.
3
Calculate the remainder when 19302 is divided by 15.
12
What is the remainder when 4566 is divided by 415?
1
What is the remainder when 213 is divided by 27?
24
What is the remainder when 1452 is divided by 40?
12
What is the remainder when 187 is divided by 48?
43
What is the remainder when 4963 is divided by 73?
72
What is the remainder when 77 is divided by 7?
0
Calculate the remainder when 341 is divided by 23.
19
Calculate the remainder when 403 is divided by 37.
33
What is the remainder when 374 is divided by 35?
24
What is the remainder when 52 is divided by 8?
4
What is the remainder when 1627 is divided by 74?
73
Calculate the remainder when 151 is divided by 16.
7
What is the remainder when 864 is divided by 124?
120
Calculate the remainder when 2484 is divided by 29.
19
Calculate the remainder when 2858 is divided by 11.
9
Calculate the remainder when 374 is divided by 90.
14
Calculate the remainder when 1646 is divided by 61.
60
Calculate the remainder when 1155 is divided by 13.
11
Calculate the remainder when 5155 is divided by 30.
25
Calculate the remainder when 743 is divided by 248.
247
Calculate the remainder when 284 is divided by 73.
65
What is the remainder when 8829 is divided by 46?
43
What is the remainder when 130 is divided by 34?
28
What is the remainder when 2373 is divided by 19?
17
Calculate the remainder when 913 is divided by 61.
59
Calculate the remainder when 1587 is divided by 10.
7
What is the remainder when 95 is divided by 24?
23
Calculate the remainder when 289 is divided by 95.
4
Calculate the remainder when 185 is divided by 57.
14
What is the remainder when 325 is divided by 277?
48
Calculate the remainder when 40 is divided by 23.
17
What is the remainder when 360 is divided by 41?
32
Calculate the remainder when 691 is divided by 78.
67
Calculate the remainder when 335 is divided by 39.
23
What is the remainder when 442 is divided by 49?
1
What is the remainder when 1018 is divided by 30?
28
What is the remainder when 253 is divided by 89?
75
Calculate the remainder when 717 is divided by 90.
87
What is the remainder when 566 is divided by 163?
77
What is the remainder when 5143 is divided by 15?
13
Calculate the remainder when 291 is divided by 144.
3
What is the remainder when 102 is divided by 45?
12
Calculate the remainder when 490 is divided by 17.
14
What is the remainder when 577 is divided by 3